t w = 163 - 10. Let p = -88 + w. Suppose 3*h = p + 82. What are the prime factors of h?
7
Suppose -11*o + 2738 = 4*o - 1132. List the prime factors of o.
2, 3, 43
Let w = -735 - -766. Suppose w*z - 38*z = -6223. What are the prime factors of z?
7, 127
Let m(b) = 513*b**2 + 68*b + 43. What are the prime factors of m(5)?
2, 13, 127
Let k(w) = -w**3 - 10*w**2 + 11*w + 12. Let h be k(-11). Suppose 0 = 5*i - 15, 4*i - h - 20 = 4*d. Let z(r) = -26*r - 7. List the prime factors of z(d).
3, 41
Let o(z) = 87*z - 22*z + 39 - 71. List the prime factors of o(6).
2, 179
Suppose -42*y + 32*y = -4220. Let v = 345 + y. What are the prime factors of v?
13, 59
Let a(l) = -l**3 + 12*l**2 - 2*l - 15. Let g(k) = 34*k**2 - k. Let t be g(-1). Suppose 9 + t = 4*z. What are the prime factors of a(z)?
2, 3, 7
Suppose 0 = -8*z + 624 + 104 + 2352. List the prime factors of z.
5, 7, 11
Let q = 6 + -2. Let l(g) = g**2 - 29*g + 28. Let d be l(38). Suppose f - d = -3*s, -4*f = -20 + q. List the prime factors of s.
2, 61
Let f(h) = -29*h**3 - 3*h**2 + h + 1. Let g be f(1). Let b = -25 - g. Suppose b*x - 163 - 172 = 0. What are the prime factors of x?
67
Suppose -19*x - 2390 = -9059. List the prime factors of x.
3, 13
List the prime factors of (7 + -9 + (-501)/2)/(1/(-12)).
2, 3, 5, 101
Suppose -q + 40361 = -36*n + 38*n, n = 3*q + 20156. What are the prime factors of n?
20177
Let y be 72/39 + 8/52. Suppose -y*u = 4*r - 872, 89*u - 1297 = 86*u + 5*r. What are the prime factors of u?
2, 7, 31
Let c be (-147)/(-490) + 2354/20. Let j = 20 + c. What are the prime factors of j?
2, 3, 23
Suppose 2*l = 5 + 1. Suppose 15 = -3*d - 0*d, 0 = l*a + 4*d + 2. Suppose -4*z = 3*i - a*z - 153, -i + 37 = 4*z. What are the prime factors of i?
7
Suppose -13*j = 27428 - 158039. List the prime factors of j.
3, 17, 197
List the prime factors of 38/(-76)*8/(-1 - (-3644)/3646).
2, 1823
Suppose 8617 = 3*o + 4*f, 6*f + 5773 = 2*o + 3*f. Suppose -670 = 7*a + o. Let u = -296 - a. List the prime factors of u.
211
List the prime factors of 0/393 + (-1)/2 + (-52354)/(-4).
2, 409
Let f(o) = 11*o**2 - 10*o**2 - 2 + 4*o**2 + o**3. Let t be f(5). Suppose 5*i - 823 = -t. What are the prime factors of i?
5, 23
Let v = 14456 + -832. List the prime factors of v.
2, 13, 131
Let x(n) = 26*n**2 - 10*n + 5. Let k(v) = 21*v - 18. Let b be k(1). What are the prime factors of x(b)?
11, 19
Let r(g) = -34*g + 3611. What are the prime factors of r(-100)?
3, 19, 41
Let r be (-1)/(-3)*101*-3. Let y = r - -156. What are the prime factors of y?
5, 11
Suppose -12*z + 2918 = -11*z. What are the prime factors of z/6 - (-3)/(-9)?
2, 3
Let v(z) = -z**2 + 6*z + 3. Let o = 6 - 1. Let t be v(o). Suppose 4*r - 260 = -t. List the prime factors of r.
3, 7
Let k(a) be the second derivative of -a**5/10 - 5*a**4/3 + 17*a**3/3 + 23*a**2/2 - 95*a - 2. List the prime factors of k(-13).
5, 7, 17
Suppose -l + 4*o = -17 - 9, -l - 2*o = -14. Suppose 0 = l*b - 13*b - 445. What are the prime factors of b?
89
Suppose -z = z + 3*a + 24, -5*a - 20 = 0. Let f be z/(-9)*-3*(-6)/4. Suppose -f*y = -2*d - 312, 4*d - 416 = -3*y - y. List the prime factors of y.
2, 13
Let d = 28 + -26. Let f(g) = 6*g**3 + 10*g - 23. What are the prime factors of f(d)?
3, 5
Let u = 44 - 16. Suppose -k - 4*w - 24 = -6, -4*k = -4*w - u. Suppose k*p - 393 = -141. List the prime factors of p.
2, 3, 7
Let j(s) = -2*s**3 + 5*s**2 + 2*s - 9. Suppose 0 = 3*w - 0*w - r + 9, 6 = -2*w + 5*r. Let x be j(w). What are the prime factors of x + (-8)/12*3?
2, 41
Let f = 963 - -5335. What are the prime factors of f?
2, 47, 67
Suppose -2*y + 8 = -y. Suppose 15 = w - y. Suppose -2*a + k = -42, a + 0*a = k + w. What are the prime factors of a?
19
Suppose -k = 5*a - 6*k - 249960, 0 = 3*a - 4*k - 149976. List the prime factors of a.
2, 3, 2083
Suppose 1004 = 4*d - 0*d. Let c(s) = 2*s**3 - 14*s**2 + 2*s - 12. Let a be c(8). Let y = d - a. What are the prime factors of y?
7, 17
Suppose 5*w + 77*c = 81*c + 15270, 3*w = 5*c + 9175. What are the prime factors of w?
2, 5, 61
Suppose 8*m - 1129 + 457 = 0. Let y = m + -21. What are the prime factors of y?
3, 7
Suppose -3*i - 5*l + 2144 = -23079, -3*l - 33708 = -4*i. What are the prime factors of i?
3, 7, 401
Suppose 0 = -n, -16*p = -13*p - 2*n - 9. Suppose -k + 1412 = p*k. What are the prime factors of k?
353
Let l be 2/(-4) - 6778/4. Let m = -1085 - l. What are the prime factors of m?
2, 5, 61
Suppose 4*s - 4*a - 43088 = 0, s = -12*a + 8*a + 10772. List the prime factors of s.
2, 2693
Suppose s - 330 = -3*z, -2*s + 612 = -5*z - 92. What are the prime factors of 2*s/(-24)*(-2)/3?
19
Let z(l) = -l**3 + 12*l**2 + 47*l - 54. Let n be z(15). Let t(h) = -4*h**2 - 154*h + 29. List the prime factors of t(n).
7, 29
Suppose 23*l - 17*l = 2442. Suppose -4*j - 1524 = -4*m, j + 355 = 2*m - l. List the prime factors of m.
3, 127
Suppose -3*q + 12*q + 36 = 0. Let y be -3 + 25/5 - q. Suppose -5*n = -y*n + 110. List the prime factors of n.
2, 5, 11
List the prime factors of (16/56)/((-315964)/105322 + 3).
2, 7523
What are the prime factors of 20030 - 154/(-56)*-4?
3, 6673
Suppose 3*o - 3*y - 3888 = 0, 3*o - y - 3883 = y. Let q = o + -765. List the prime factors of q.
2, 263
Let b = 259 + -84. Let z be 198/(-27) + 4/3 + -6. Let p = z + b. List the prime factors of p.
163
Let w = 1140 - 52. Suppose -27*i + w = 5*i. List the prime factors of i.
2, 17
Let s(p) = p**2 + 14*p - 287. List the prime factors of s(79).
2, 5, 353
Suppose f = 4*m - 15932, -21*m + 20*m + 2*f = -3976. List the prime factors of m.
2, 3, 83
Suppose -4*o + 3*q - 4 = -7, -3*q = -3*o. Suppose -2*u + 4*u - 383 = r, -o*u = -5*r - 578. List the prime factors of u.
191
Let w = 2510 + 8888. List the prime factors of w.
2, 41, 139
Let z be -108 + 3*2*(-10)/(-15). Let g = z + 146. What are the prime factors of g?
2, 3, 7
List the prime factors of ((-32)/6)/((-122)/313845).
2, 5, 7
Let b = 4774 + -1712. What are the prime factors of b?
2, 1531
Suppose u - 155 = -3*k + 7*k, 0 = -2*u - k + 319. Suppose 11*o - 8*o = -u. Let f = o - -95. List the prime factors of f.
2, 3, 7
Let p(t) = -208*t**3 - 3*t**2 + 3*t + 1. Let v be p(1). Let g = -399 - -738. Let o = g + v. What are the prime factors of o?
2, 3, 11
What are the prime factors of -2*(-14)/((-252)/(-192411))?
21379
Let x(j) = 83*j - 188. Let w(v) = -14*v + 31. Let a(r) = 39*w(r) + 6*x(r). What are the prime factors of a(-13)?
3, 5, 47
Let v be (315/14 - -3) + 2/4. Let k = v - -19. What are the prime factors of k?
3, 5
Suppose 230*r + 304 = 1582 + 332. Let j be (0 + 2)*(0 + 840). Suppose 0*p + j = r*p. What are the prime factors of p?
2, 3, 5
Let s = -9768 - -17510. List the prime factors of s.
2, 7, 79
Let j = -181 + -165. Let r = 565 + j. List the prime factors of r.
3, 73
Let g = 6334 + -975. List the prime factors of g.
23, 233
Let d = 33968 + -20028. List the prime factors of d.
2, 5, 17, 41
List the prime factors of 733134/16 - (-2975)/(-3400).
2, 5, 29, 79
What are the prime factors of 225/270 + (207895/6 - 5)?
5, 13, 41
Let y = -432 + 434. Suppose 3*d - 1665 = -2*k - 518, y*k + 5*d - 1141 = 0. List the prime factors of k.
2, 17
Let d(l) = 183*l**2 + 5*l + 3. Suppose 6*f + 21 = 13*f. Suppose -2*k + 4 = 0, -f*w + 4*k - 13 = 2*w. What are the prime factors of d(w)?
181
Let j be (2/(-6))/(-4 - (-118)/30). Let q = 5 - j. Suppose 0*g - 2*g + 4*p + 66 = q, 4*p + 93 = 3*g. What are the prime factors of g?
3
Let d(u) = u - 5. Let n be d(20). Let s = n + 110. What are the prime factors of s?
5
Let b(v) = 14*v**3 + 4*v**2 - 2*v + 10. Let f be b(4). Let l = f - -426. List the prime factors of l.
2, 347
Suppose 3*j + 5550 - 34206 = -5*b, 19089 = 2*j + 5*b. List the prime factors of j.
3, 1063
Let q = 175 - 181. What are the prime factors of q/6 + 888 - 7?
2, 5, 11
Suppose 36 = -6*h + 15*h. Suppose -d = -h*n + 25 + 35, -2*d - 120 = -n. What are the prime factors of (28/(-5) - -6)/((-1)/d)?
2, 3
Let g(l) = 35*l**2 + 15*l - 3. Let v be g(6). Suppose 237*d - 236*d - v = 0. What are the prime factors of d?
3, 449
Let g = 226 + -13. Let p = 673 - g. What are the prime factors of p?
2, 5, 23
Let y(n) = -171 - 5*n**2 + 16*n**2 + 19*n + 69 + 3*n. List the prime factors of y(6).
2, 3, 71
Suppose 42*c = -2411 - 2167. Let k = -146 + 78. Let g = k - c. What are the prime factors of g